d(-19).
243
Let c(x) = 28424*x - 113683. Calculate c(4).
13
Let i(q) = 4*q - 793. Determine i(0).
-793
Let g(c) = 258132*c + 516309. Give g(-2).
45
Let s(q) = -5*q**3 + 271*q**2 + 207*q + 711. What is s(55)?
-4
Let s(w) = -300055*w + 5400995. Calculate s(18).
5
Let i(y) = 6897*y + 55209. Give i(-8).
33
Let o(n) = 7*n**2 - 1387*n + 229. Determine o(198).
31
Let a(k) = k**3 - 583*k**2 - 15*k + 8680. Give a(583).
-65
Let b(t) = 4*t**3 + 539*t**2 + 934*t + 34. Calculate b(-133).
-365
Let p(o) = 152509*o + 305015. Calculate p(-2).
-3
Let v(r) = -3939*r - 3222044. Calculate v(-818).
58
Let l(a) = -8*a**3 + 467*a**2 - 623*a - 1. Calculate l(57).
227
Let a(r) = -2*r**3 - 383*r**2 - 805*r + 26456. What is a(-189)?
-4
Let z(h) = -71*h**2 + 6612*h - 839. What is z(93)?
-2
Let r(w) = w**2 - 23449*w + 2451129. What is r(105)?
9
Let v(q) = 13409*q - 80694. Calculate v(6).
-240
Let r(t) = 3*t**3 + 1004*t**2 + 5959*t + 9. Give r(-6).
-249
Let g(b) = -1812*b**2 - 14*b + 23. Determine g(-1).
-1775
Let p(r) = 63*r**3 - 5*r**2 + 44*r - 44. Give p(1).
58
Let y(t) = -727699*t - 7276999. Determine y(-10).
-9
Let r(v) = v**2 - 34*v + 176. Determine r(-13).
787
Let x(k) = -k**3 + k**2 - 504*k + 3266. Give x(6).
62
Let s(k) = -k**3 + 39*k**2 + 455*k - 3772. Give s(47).
-59
Let c(z) = -4*z**3 - 122*z**2 + 34*z + 71. What is c(-31)?
939
Let a(v) = v**2 - 4365*v + 530079. Calculate a(125).
79
Let h(b) = -9*b**2 - 204*b - 1076. Determine h(-19).
-449
Let k(v) = 1146051*v + 4584202. What is k(-4)?
-2
Let o(h) = -h**2 - 162*h - 2271. Determine o(-15).
-66
Let z(k) = -30*k**2 - 238*k - 388. Calculate z(-5).
52
Let u(d) = -d**3 - 9*d**2 + 136*d - 790. What is u(8)?
-790
Let w(s) = -3*s**2 - 261*s + 10835. Determine w(-117).
305
Let s(a) = -a**3 - 5*a**2 - 528*a + 104. Determine s(0).
104
Let y(u) = 5*u**3 + 1572*u**2 + 2181*u - 3118. Determine y(-313).
12
Let r(y) = 89*y - 6340. What is r(66)?
-466
Let b(c) = 15052*c - 14781051. Determine b(982).
13
Let u(w) = -166*w**2 - 4973*w + 73. Give u(-30).
-137
Let p(x) = 2*x**2 - 46*x - 14706. Give p(90).
-2646
Let g(k) = 19*k**3 + 30*k**2 + 146*k + 248. What is g(-3)?
-433
Let g(n) = 4*n**3 + 146*n**2 + 122*n + 1811. Determine g(-36).
11
Let y(l) = 119*l**2 - 450*l + 129. Calculate y(5).
854
Let i(b) = 2*b**3 - 711*b**2 + 784*b + 98381. What is i(354)?
-31
Let v(r) = 2*r**3 + 74*r**2 - 140*r - 5233. Give v(-37).
-53
Let m(q) = 3667*q - 1309077. Calculate m(357).
42
Let t(l) = 26081*l + 51895. Give t(-2).
-267
Let u(g) = 7*g**3 - 194*g**2 + 33*g - 340. What is u(28)?
2152
Let k(d) = -1309*d - 41168. Determine k(-32).
720
Let t(f) = -130*f**2 - 2598*f - 101. What is t(-20)?
-141
Let h(g) = -4*g**3 - 149*g**2 - 1321*g + 465. Calculate h(-22).
3
Let f(m) = 1791*m + 155679. Give f(-87).
-138
Let h(a) = 70*a**2 - 51597*a + 5139. Determine h(737).
-20
Let n(m) = m**2 + 441*m + 9971. Determine n(-24).
-37
Let r(a) = -2073*a + 10267. What is r(5)?
-98
Let i(h) = -321*h + 6552. Determine i(20).
132
Let c(d) = d**2 - 889*d + 196674. What is c(479)?
284
Let z(u) = -13324*u - 279798. Determine z(-21).
6
Let d(r) = -1666*r + 18210. Give d(11).
-116
Let w(f) = -31*f**3 - 3*f**2 + 19*f + 21. Give w(-3).
774
Let k(o) = -7*o**3 + 161*o**2 - 40*o + 96. Calculate k(22).
2604
Let f(p) = p**2 + 53*p + 430. Calculate f(-30).
-260
Let i(v) = -3*v**3 + 258*v**2 + 277*v - 472. Give i(87).
920
Let l(y) = y**3 - 25*y**2 - 9*y + 1083. What is l(25)?
858
Let o(q) = -q**3 + 1979*q**2 - 19*q + 6. Determine o(0).
6
Let c(b) = -151*b - 8031. Determine c(-48).
-783
Let r(f) = 13*f**2 + 840*f + 12375. Give r(-42).
27
Let p(x) = 3*x**3 - 75*x**2 - 880*x + 266. Give p(-9).
-76
Let m(g) = 2397*g + 10433. Determine m(-4).
845
Let f(r) = -10015*r + 590886. Calculate f(59).
1
Let a(j) = 857*j - 49476. What is a(59)?
1087
Let y(v) = 23*v**2 + 234*v - 12. Give y(-9).
-255
Let w(n) = -n**2 - 4077*n + 81959. Determine w(20).
19
Let p(i) = -i**3 - 32*i**2 + 459*i + 145. Give p(11).
-9
Let s(z) = -30424*z + 1673322. Determine s(55).
2
Let x(k) = -33*k**2 + 154*k - 85. Give x(-8).
-3429
Let c(l) = -3055*l - 76246. What is c(-25)?
129
Let o(f) = 83*f**2 + 185*f - 366. Determine o(2).
336
Let k(h) = h**2 - 419*h - 39347. Determine k(-79).
-5
Let u(z) = -8805*z - 131917. Determine u(-15).
158
Let m(h) = -h**2 - 171*h + 1074. Give m(6).
12
Let u(o) = 123*o**2 + 2413*o + 9587. What is u(-14)?
-87
Let y(z) = 33466*z - 199536. Calculate y(6).
1260
Let y(a) = -8*a**3 + 3518*a**2 + 893*a - 5725. What is y(440)?
-5
Let k(d) = 2*d**3 - 43*d**2 + 32*d + 79. Calculate k(20).
-481
Let k(g) = 113*g**2 - 34003*g - 3023. Determine k(301).
-13
Let h(j) = 349*j**2 + 105747*j - 11. Give h(-303).
-11
Let s(i) = -51*i + 535. What is s(30)?
-995
Let b(u) = -u**3 - 72*u**2 - 51*u + 6056. Determine b(-70).
-174
Let r(k) = k**3 + 27*k**2 - 3*k - 356. What is r(-27)?
-275
Let k(v) = -v**2 - 5541*v - 77408. What is k(-14)?
-30
Let v(p) = -5*p**3 - 1988*p**2 - 49343*p + 37. Calculate v(-371).
37
Let o(a) = 303*a**2 + 323*a - 17. Determine o(-2).
549
Let d(q) = 9539*q + 48564. Determine d(-5).
869
Let n(s) = 9*s**3 - 513*s**2 - 81*s - 156. Determine n(57).
-4773
Let c(r) = 12*r**3 - 466*r**2 - 94*r - 54. Determine c(39).
-678
Let o(u) = -3*u**3 + 91*u**2 - 496*u + 44. What is o(23)?
274
Let v(b) = -491*b**2 + 16687*b + 191. Determine v(34).
-47
Let j(w) = -1916*w - 9860. Calculate j(-5).
-280
Let k(y) = y**2 + 10734*y - 1831546. Calculate k(168).
-10
Let u(z) = 265*z + 9228. Give u(-28).
1808
Let i(y) = 2*y**2 - 407*y - 13641. Give i(-30).
369
Let f(w) = -w**3 - 61*w**2 - 232*w - 4257. What is f(-58)?
-893
Let v(j) = -2*j**3 + 53*j**2 + 171*j - 3947. What is v(27)?
-59
Let v(u) = u**3 + 67*u**2 + 1221*u + 4552. Calculate v(-5).
-3
Let t(o) = 17*o**2 - 14148*o + 45590. Give t(829).
-5
Let p(h) = -7482*h + 194295. What is p(26)?
-237
Let t(r) = 7*r**3 - 187*r**2 - 1167*r + 2. What is t(-6)?
-1240
Let u(v) = 7589*v - 318511. Give u(42).
227
Let x(n) = -9*n**2 - 59*n + 692. What is x(-14)?
-246
Let s(m) = 11*m**3 - 175*m**2 + 32*m - 545. Determine s(16).
223
Let b(i) = 24*i**2 - 984*i - 20179. What is b(-15)?
-19
Let j(p) = -66*p + 1413. Determine j(57).
-2349
Let z(a) = 329252*a - 1317012. What is z(4)?
-4
Let o(q) = 52*q**2 - 895*q + 2650. Give o(3).
433
Let p(f) = 4670*f - 289562. Calculate p(62).
-22
Let a(o) = -o**3 - 23*o**2 + 87*o - 550. Determine a(-27).
17
Let w(s) = -s**2 + 55246*s - 441857. Give w(8).
47
Let b(g) = g**2 - 6657*g + 53278. What is b(8)?
86
Let i(f) = 7061*f - 7123. Determine i(1).
-62
Let q(u) = -26*u**3 + 1502*u**2 - 3960*u + 18. Calculate q(55).
18
Let a(j) = -j**3 + 449*j**2 - 42569*j + 234. Give a(313).
-79
Let j(h) = -h**3 + 111*h**2 + 224*h + 610. Determine j(113).
384
Let z(q) = -692390*q - 1384793. What is z(-2)?
-13
Let i(o) = 3*o**3 + 48*o**2 + 301*o + 2400. Determine i(-13).
8
Let t(u) = -221*u + 3994. Determine t(19).
-205
Let y(t) = 26*t**3 - t**2 + 20*t + 13. What is y(0)?
13
Let j(g) = 2*g**2 - 30*g - 21724. Determine j(112).
4
Let g(o) = -206*o - 12995. What is g(-63)?
-17
Let v(y) = -4*y**2 - 184*y + 1663. Calculate v(-50).
863
Let r(j) = j**2 - 137*j - 67581. Determine r(337).
-181
Let k(y) = -536*y - 314092. What is k(-586)?
4
Let t(h) = -2*h**3 - 12*h**2 - 62239*h - 373429. What is t(-6)?
5
Let g(v) = -2095*v + 66883. What is g(34)?
-4347
Let m(u) = 4*u**2 + 1221*u + 37838. What is m(-35)?
3
Let x(l) = 44*l**3 - 1763*l**2 + 115*l + 422. Determine x(40).
222
Let y(t) = t**3 - 11*t**2 - 15*t - 42. Give y(15).
633
Let b(g) = 11*g**3 - 15*g**2 + 139*g - 821. Calculate b(6).
1849
Let i(a) = -a**2 + 1817*a - 583692. Give i(417).
108
Let u(q) = -825961*q + 3303840. What is u(4)?
-4
Let j(z) = 285*z + 8971. Determine j(-30).
421
Let v(l) = -l**3 + 85*l**2 - 293*l - 487. Give v(5).
48
Let o(s) = -2*s**2 + 1285*s - 15497. Determine o(12).
-365
Let b(y) = -14*y**2 + 452*y - 2552. Calculate b(25).
-2
Let a(s) = -s**2 - 777*s - 151523. Calculate a(-382).
-633
Let n(j) = -3*j**3 + 16*j**2 + 7480*j - 37418. Calculate n(5).
7
Let k(y) = -692*y - 167462. Calculate k(-242).
2
Let y(n) = 2145204*n - 40758874. Determine y(19).
2
Let r(i) = -2*i**2 + 1333*i - 9404. Give r(7).
-171
Let t(o) = 15*o**2 + 90*o + 1657. Give t(-5).
1582
Let x(m) = m**2 + 639*m - 42670. What is x(61)?
30
Let 